{"id":79,"date":"2023-11-02T10:00:05","date_gmt":"2023-11-02T10:00:05","guid":{"rendered":"https:\/\/lcvm.com.br\/cvv\/?page_id=79"},"modified":"2023-11-06T00:50:52","modified_gmt":"2023-11-06T00:50:52","slug":"historia","status":"publish","type":"page","link":"https:\/\/lcvm.com.br\/cvv\/index.php\/historia\/","title":{"rendered":"Historia do Voo a Vela"},"content":{"rendered":"<table width=\"800\">\n<tbody>\n<tr>\n<td width=\"300\"><img loading=\"lazy\" decoding=\"async\" class=\"alignnone size-medium wp-image-81\" src=\"https:\/\/lcvm.com.br\/cvv\/wp-content\/uploads\/2023\/11\/historia-300x290.png\" alt=\"\" width=\"300\" height=\"290\" srcset=\"https:\/\/lcvm.com.br\/cvv\/wp-content\/uploads\/2023\/11\/historia-300x290.png 300w, https:\/\/lcvm.com.br\/cvv\/wp-content\/uploads\/2023\/11\/historia.png 532w\" sizes=\"auto, (max-width: 300px) 100vw, 300px\" \/><\/td>\n<td width=\"500\">Otto Lilienthal: Primeiro voo realizado em 29\/05\/1895 (FBVP)<\/p>\n<p>No Brasil: Inicio na d\u00e9cada de 30, no Estado de S\u00e3o Paulo atrav\u00e9s do Aeroclube Polit\u00e9cnico de Planadores e, em seguida, pelo o Aeroclube de Bauru e o Aeroclube CVVCTA em S\u00e3o Jose dos Campos<\/p>\n<p>A pr\u00e1tica do voo a vela \u00e9 autorizada nos espa\u00e7os de voo designados pelo\u00a0Departamento de Controle do Espa\u00e7o A\u00e9reo (DECEA)<\/td>\n<\/tr>\n<\/tbody>\n<\/table>\n","protected":false},"excerpt":{"rendered":"<p>Otto Lilienthal: Primeiro voo realizado em 29\/05\/1895 (FBVP) No Brasil: Inicio na d\u00e9cada de 30, no Estado de S\u00e3o Paulo atrav\u00e9s do Aeroclube Polit\u00e9cnico de Planadores e, em seguida, pelo o Aeroclube de Bauru e o Aeroclube CVVCTA em S\u00e3o Jose dos Campos A pr\u00e1tica do voo a vela \u00e9 autorizada nos espa\u00e7os de voo [&hellip;]<\/p>\n","protected":false},"author":1,"featured_media":0,"parent":0,"menu_order":0,"comment_status":"closed","ping_status":"closed","template":"","meta":{"footnotes":""},"class_list":["post-79","page","type-page","status-publish","hentry"],"_links":{"self":[{"href":"https:\/\/lcvm.com.br\/cvv\/index.php\/wp-json\/wp\/v2\/pages\/79","targetHints":{"allow":["GET"]}}],"collection":[{"href":"https:\/\/lcvm.com.br\/cvv\/index.php\/wp-json\/wp\/v2\/pages"}],"about":[{"href":"https:\/\/lcvm.com.br\/cvv\/index.php\/wp-json\/wp\/v2\/types\/page"}],"author":[{"embeddable":true,"href":"https:\/\/lcvm.com.br\/cvv\/index.php\/wp-json\/wp\/v2\/users\/1"}],"replies":[{"embeddable":true,"href":"https:\/\/lcvm.com.br\/cvv\/index.php\/wp-json\/wp\/v2\/comments?post=79"}],"version-history":[{"count":4,"href":"https:\/\/lcvm.com.br\/cvv\/index.php\/wp-json\/wp\/v2\/pages\/79\/revisions"}],"predecessor-version":[{"id":132,"href":"https:\/\/lcvm.com.br\/cvv\/index.php\/wp-json\/wp\/v2\/pages\/79\/revisions\/132"}],"wp:attachment":[{"href":"https:\/\/lcvm.com.br\/cvv\/index.php\/wp-json\/wp\/v2\/media?parent=79"}],"curies":[{"name":"wp","href":"https:\/\/api.w.org\/{rel}","templated":true}]}}