{"id":73,"date":"2023-11-02T09:50:17","date_gmt":"2023-11-02T09:50:17","guid":{"rendered":"https:\/\/lcvm.com.br\/cvv\/?page_id=73"},"modified":"2023-11-06T00:49:49","modified_gmt":"2023-11-06T00:49:49","slug":"oquee","status":"publish","type":"page","link":"https:\/\/lcvm.com.br\/cvv\/index.php\/oquee\/","title":{"rendered":"O que \u00e9 o Voo a Vela?"},"content":{"rendered":"<table width=\"800\">\n<tbody>\n<tr>\n<td width=\"305\"><\/td>\n<td width=\"413\"><\/td>\n<\/tr>\n<tr>\n<td width=\"205\"><img loading=\"lazy\" decoding=\"async\" class=\"wp-image-74 aligncenter\" src=\"https:\/\/lcvm.com.br\/cvv\/wp-content\/uploads\/2023\/11\/arteoquee-300x268.png\" alt=\"\" width=\"304\" height=\"271\" srcset=\"https:\/\/lcvm.com.br\/cvv\/wp-content\/uploads\/2023\/11\/arteoquee-300x268.png 300w, https:\/\/lcvm.com.br\/cvv\/wp-content\/uploads\/2023\/11\/arteoquee.png 576w\" sizes=\"auto, (max-width: 304px) 100vw, 304px\" \/><\/td>\n<td width=\"313\">Voo a Vela \u00e9 um esporte cuja atividade compreende a pr\u00e1tica do voo livre em planadores.<\/p>\n<p>O planador \u00e9 uma aeronave que consegue se manter em voo livre sem a necessidade de um motor, permitindo ao homem voar como os p\u00e1ssaros<\/p>\n<p>As for\u00e7as da natureza s\u00e3o utilizadas para impulsionar e sustentar o voo do planador, permitindo, ao planador, o ganho de altura e percorrer longas dist\u00e2ncias<\/td>\n<\/tr>\n<\/tbody>\n<\/table>\n","protected":false},"excerpt":{"rendered":"<p>Voo a Vela \u00e9 um esporte cuja atividade compreende a pr\u00e1tica do voo livre em planadores. O planador \u00e9 uma aeronave que consegue se manter em voo livre sem a necessidade de um motor, permitindo ao homem voar como os p\u00e1ssaros As for\u00e7as da natureza s\u00e3o utilizadas para impulsionar e sustentar o voo do planador, [&hellip;]<\/p>\n","protected":false},"author":1,"featured_media":0,"parent":0,"menu_order":0,"comment_status":"closed","ping_status":"closed","template":"","meta":{"footnotes":""},"class_list":["post-73","page","type-page","status-publish","hentry"],"_links":{"self":[{"href":"https:\/\/lcvm.com.br\/cvv\/index.php\/wp-json\/wp\/v2\/pages\/73","targetHints":{"allow":["GET"]}}],"collection":[{"href":"https:\/\/lcvm.com.br\/cvv\/index.php\/wp-json\/wp\/v2\/pages"}],"about":[{"href":"https:\/\/lcvm.com.br\/cvv\/index.php\/wp-json\/wp\/v2\/types\/page"}],"author":[{"embeddable":true,"href":"https:\/\/lcvm.com.br\/cvv\/index.php\/wp-json\/wp\/v2\/users\/1"}],"replies":[{"embeddable":true,"href":"https:\/\/lcvm.com.br\/cvv\/index.php\/wp-json\/wp\/v2\/comments?post=73"}],"version-history":[{"count":5,"href":"https:\/\/lcvm.com.br\/cvv\/index.php\/wp-json\/wp\/v2\/pages\/73\/revisions"}],"predecessor-version":[{"id":129,"href":"https:\/\/lcvm.com.br\/cvv\/index.php\/wp-json\/wp\/v2\/pages\/73\/revisions\/129"}],"wp:attachment":[{"href":"https:\/\/lcvm.com.br\/cvv\/index.php\/wp-json\/wp\/v2\/media?parent=73"}],"curies":[{"name":"wp","href":"https:\/\/api.w.org\/{rel}","templated":true}]}}